mposite number?
True
Let j be (-3)/3 + (-11 - 0). Let u(k) = -k**3 - 11*k**2 + 9*k + 6. Let o be u(j). Let b = 69 + o. Is b prime?
False
Let m(n) = -n**3 + 8*n**2 + 12. Let z be m(8). Let v(s) = s**3 - 9*s**2 + 27*s + 13. Is v(z) prime?
True
Suppose 42*u - 251974 = 8*u. Is u a prime number?
True
Let g(p) = p**2 + 4*p + 2. Let r be g(-3). Let h be r/2 - 198/(-36). Suppose -h*l = -7*l + 158. Is l prime?
True
Suppose 0 = 5*z, 3*z = 3*k - 0*k. Let t(b) = 4*b + 254. Is t(k) prime?
False
Is 1/(((-24)/(-7724))/3)*2 composite?
False
Is (-286)/(-1) + 30 + -21 composite?
True
Let g be -1*(-11 - 0)*217. Suppose -5*h + g = 802. Is h a composite number?
False
Let c be ((-5)/2)/((-8)/16). Suppose -w + 209 = -185. Suppose 2*b - 487 = -c*a, 613 + w = 4*b - a. Is b a composite number?
False
Let m = -40 - -39. Is (m/3)/(((-10)/2)/6135) composite?
False
Is -7 + -6 + 7 + 1173 a prime number?
False
Suppose 0 = 4*p - 54 + 10. Let m = p + -9. Suppose 0*l = -m*l + 230. Is l a composite number?
True
Let k = 20400 - 4799. Is k a prime number?
True
Let z = -2051 + 16102. Is z a composite number?
False
Suppose -2*o + 22880 = -30930. Is o a composite number?
True
Suppose 21*c - 26*c = 300. Let m be c/(-18)*(-6)/(-4). Suppose -2*j = -2, -m*f = -0*f - 5*j - 405. Is f a composite number?
True
Suppose 55 = 5*g + 2*r, -4*g + 31 = -2*r + r. Suppose 0 = 5*k - g - 1. Suppose 67 = -k*j + 185. Is j composite?
False
Suppose 10719 - 3615 = 4*g. Suppose -3*d = 2*m + m - g, -4*d = 5*m - 2958. Suppose 4*h = -4, -m - 49 = -b - 2*h. Is b prime?
True
Let o(m) = 11 + 0 + 7*m + 11 + 0. Let n be o(17). Is 0 + -3 + 3 + n prime?
False
Suppose 2*y + 41415 = 5*j, 160*j - 159*j - 8305 = -4*y. Is j composite?
True
Suppose 11 = -3*g + 3*j + 2*j, -20 = -4*g - 2*j. Suppose 5*x + 8844 = 4*p + g*x, 4*x = -5*p + 11029. Is p a prime number?
False
Let d(g) = -5*g**3 + g**2 + g. Let o be d(-1). Suppose o*b - 4*h - 36 = 0, -2 - 10 = b + 4*h. Suppose -2*n - 238 = -b*n. Is n prime?
False
Suppose -s = -3*f - 2*f + 27216, -3*f = -2*s - 16324. Suppose -2*m = 2*m - f. Is m a prime number?
True
Let x(p) = -12*p - 391. Is x(-46) a prime number?
False
Suppose 0 = 110*l - 114*l + 2928. Let i = l - -169. Is i a prime number?
False
Let u(a) = a**3 - a**2 - 9*a + 8353. Is u(0) a prime number?
True
Suppose -4*t + 15831 + 593 = 4*k, 0 = 4*k + 5*t - 16419. Is k prime?
True
Suppose -14 = 2*q - 6. Let r(g) = -139*g + 3. Is r(q) composite?
True
Suppose 15 = -o + 6*o. Suppose -4*q = -x + 22, o*q = 3*x - 15 - 6. Suppose -2*z + x*d = 2*z - 498, 4*z - 493 = 3*d. Is z prime?
True
Let m(d) = 4*d - 10 - 2*d + 0*d. Let h be m(6). Is 409/h - (-2)/4 a prime number?
False
Let k(d) = 2*d**2 + 4*d + 3. Let g be k(-2). Let i = -356 + 597. Suppose -c = -g*v + i, 3*v - 3*c - 228 = 21. Is v composite?
False
Suppose a + 67815 = 46*a. Is a prime?
False
Suppose -4*u - 3952 - 1998 = 2*h, 0 = 5*u + 3*h + 7440. Let f = u + 2584. Is f a prime number?
False
Suppose 2*m - z - 3232 = -5*z, z + 3 = 0. Suppose 0 = -4*d + m + 2742. Is d a prime number?
True
Is 2587 - 16*6/12 a composite number?
False
Let m(a) = -4*a**2 - 16*a + 3. Let n be m(-4). Is (n*(-2053)/(-6))/((-1)/(-2)) a prime number?
True
Let m be (1 + -4 + -1)*1. Let c(l) be the second derivative of -25*l**3/6 + 3*l**2/2 + 5*l - 6. Is c(m) prime?
True
Let h be 7/(-21) - (-8)/6. Is h*(-111)/3*-1 prime?
True
Suppose 4*r + 5*p + 2 = 0, 3*p + 6 = -0. Suppose 16 = r*g + 4*y - 22, -3*g = y - 67. Is g prime?
True
Let w = -5149 - -9416. Is w composite?
True
Let d(q) = -44*q**3 + 2*q**2 - 3*q - 14. Is d(-3) a prime number?
True
Let q(v) = v**3 + v**2 + 4. Let c = -8 - -8. Let x be q(c). Suppose -2*f + x*j = -954, 4*f - 1410 = f - j. Is f composite?
True
Suppose 0*u + u = 2. Let n(i) = 2*i + 0*i - 3 + 44*i**2 + 0*i. Is n(u) prime?
False
Suppose -5*b + 5*t + 8380 = 0, 0 = -4*t - 10 - 10. Is b a prime number?
False
Let x = 21409 - 13776. Is x a prime number?
False
Let q(r) = 102*r. Let g be q(-2). Let m = g - -455. Suppose 2*d = 5*i + 878 + m, -4*i + 2905 = 5*d. Is d composite?
False
Suppose -15 = 3*n - 24. Let s(y) = 47*y + 2. Let k(r) = -23*r - 1. Let w(p) = 5*k(p) + 3*s(p). Is w(n) a prime number?
True
Let i(a) = a**3 + 3*a**2 - 4*a - 3. Let u be i(-4). Is (-1)/u + 1396/6 composite?
False
Let x = 43444 - -3339. Is x a prime number?
False
Let w be (-28*5/(-20))/((-2)/(-302)). Is 6/(-4)*(-52)/(-39) + w composite?
True
Is (56/(-336))/(6187/(-6186) - -1) a prime number?
True
Suppose 3*c + 52 = 5*s - 4*s, -2*c - 49 = -s. Suppose -5*v - s = -153. Is v a prime number?
False
Let v(g) be the third derivative of 11*g**8/20160 - g**7/720 - g**6/720 - g**5/60 - 4*g**2. Let s(f) be the third derivative of v(f). Is s(5) prime?
True
Let q(r) = -r**3 + 6*r**2 + 9*r - 5. Let o be q(7). Suppose 6 + o = 3*z. Suppose -z*b = -54 - 341. Is b a composite number?
False
Is ((-30)/(-9) - 3)/(22/1246938) composite?
True
Suppose 2*u = v - 256, v = 6*u - 5*u + 255. Is v prime?
False
Let d(h) = 66*h**3 + 6*h**2 - 84*h + 21. Is d(6) a composite number?
True
Let c = -38 - -292. Suppose -5*g + 999 - c = 0. Is g prime?
True
Let t(w) = w**2 - 7*w + 7. Let i be t(9). Let a be 1 - (4 - (-2 + i)). Let q = a - -77. Is q composite?
False
Is 1 + (-30)/34 - (-2382800)/476 a prime number?
False
Is ((-20780)/120)/((-1)/6) a composite number?
False
Suppose -2 = 3*h - h. Is (-1 + h - 0)*-11 composite?
True
Let d(l) = -6*l**2 - 7*l + 12. Let n(w) = -11*w**2 - 14*w + 24. Let s(a) = -13*d(a) + 6*n(a). Is s(-7) a composite number?
True
Suppose -10 = -6*x + 11*x. Let l be x - -10 - (2 - -1). Suppose l*z + 59 - 1548 = -4*u, -4*z = -4. Is u prime?
False
Let m(z) = 4*z**3 + 9*z**2 - 24*z - 6. Suppose 70 = 7*l - 7. Is m(l) composite?
False
Let u be (9/3 - -3) + -3. Suppose u*y + 5*d - 159 = -16, 5*y - 253 = -d. Let x = -30 + y. Is x a composite number?
True
Let w = -559 - -2175. Let v = w - 517. Is v composite?
True
Suppose 9*x + 29858 - 135797 = 0. Is x prime?
False
Let a = -4613 - -8541. Is (6 - a/16)/(1/(-2)) prime?
True
Let x = 7181 - 3728. Is x a composite number?
True
Suppose -4*y = -y - 9. Suppose -s + 180 = -2*w, -s + 7*w + 174 = 8*w. Suppose -y*k + 109 = -s. Is k composite?
True
Suppose 0*g + 5*y + 13 = 2*g, 5*y = -5. Suppose 2*s - 5*c = 100, -g*s - 5*c = -3*c - 248. Suppose -2*q = -4*d + 3*q + 81, 3*d = 3*q + s. Is d prime?
True
Suppose -20*a + 20946 = -9794. Is a prime?
False
Let l(g) = 134*g - 8. Let r be l(4). Suppose 0 = b - 0*b - 139. Let m = r - b. Is m composite?
False
Let n(z) be the first derivative of 22*z**3/3 - 5*z**2/2 + 4*z - 28. Suppose x = 5*j - 13, 0*j + 9 = 5*j - 3*x. Is n(j) composite?
True
Let r(a) = 22*a + a**3 - 9 + 21*a - 58*a + 8*a**2. Let d be r(-12). Let m = 890 + d. Is m a composite number?
True
Is ((-13469)/(-4))/(2/8) a composite number?
False
Let b = -178 - -180. Let m be (-36)/(-10) + (-2)/(-5). Is b/m + 147/2 a composite number?
True
Suppose 2*f - 9038 = -4*o, 19*f - 5*o = 18*f + 4491. Is f a prime number?
False
Let z(q) = -8*q - 18. Let s be z(-7). Let l = 69 - s. Is l a composite number?
False
Suppose -3*f = f + 5*j - 27, 2*f = -4*j + 18. Suppose 3*x + b = f*b + 2090, -x + b + 698 = 0. Is x a prime number?
False
Let f = -450 - -2351. Is f composite?
False
Let c(d) = d**3 - 6*d**2 + 4*d. Let m be c(6). Let h = -29 + m. Is (-633)/(-5) + (-2)/h a composite number?
False
Is -334*(-6)/8*6848/96 a prime number?
False
Let k = 27 + -15. Is 6717/9 + (-16)/k a prime number?
False
Suppose 26*p = 25*p + 5*s + 2498, -9926 = -4*p - 2*s. Is p composite?
True
Suppose -924 = -3*s + 10*s. Let x = s + 337. Is x composite?
True
Suppose 3*n - 334914 - 144028 = -2*s, -478938 = -2*s - 4*n. Is s a composite number?
True
Let v(b) = 527*b + 23. Let o be v(10). Let d = o + -3570. Is d a composite number?
False
Suppose -19 = 3*d + 20. Is (d/5)/((-7)/1015) prime?
False
Suppose 4*p - 8 = 0, p + 2*p - 1719 = -3*z. Is z a composite number?
False
Suppose 11*x + 2662 = 3*j + 10*x, 2*j = 5*x + 1779. Is j prime?
True
Let h = 53 + -120. Let c = h - -124. Is c a prime number?
False
Is 136953/18*(-5 + 3)*-1 composite?
False
Suppose h + 9 = 2*i, 5*i - h - 27 = 3*h. Suppose 3*w - 5*d = 2955 + 2867, i*w - 5862 = -3*d. Is w a prime number?
True
Let o = -41 + 68. Let x = o - 19. Is 86 - (x/(-4) + -1) a composite number?
False
Let w(c) = 53 - c - c**2 + 